
In base 16, what is 3 - 16?
-13
In base 9, what is -1 - -75?
74
In base 3, what is 10 + 10121021?
10121101
In base 16, what is -1 - 5c?
-5d
In base 10, what is 1 + -21?
-20
In base 14, what is 4 + 5?
9
In base 8, what is -41 - 1?
-42
In base 9, what is 125 - -82?
217
In base 4, what is -2200 + -3?
-2203
In base 12, what is 5 + -521?
-518
In base 2, what is 0 - -111011?
111011
In base 2, what is 100 + 11010011010?
11010011110
In base 10, what is -1 - 62?
-63
In base 12, what is 1 - -72?
73
In base 16, what is -187 + 3?
-184
In base 16, what is -60 + -5?
-65
In base 14, what is 214 - -3?
217
In base 4, what is -2 - -1311?
1303
In base 7, what is -5 - -1011?
1003
In base 14, what is -307 - 3?
-30a
In base 12, what is -5 - -23?
1a
In base 12, what is 3 + 343?
346
In base 2, what is 11 + -1100010111?
-1100010100
In base 13, what is -2 - c5?
-c7
In base 8, what is -3221 - -4?
-3215
In base 11, what is 5 - 53?
-49
In base 12, what is -77a + -7?
-785
In base 11, what is -3 - -3506?
3503
In base 8, what is 10773 - 1?
10772
In base 10, what is -493 - 3?
-496
In base 5, what is 40 + -1?
34
In base 14, what is 1 - -47b?
47c
In base 3, what is 110 - -2100?
2210
In base 13, what is 5 + -61?
-59
In base 10, what is 13 + 41?
54
In base 14, what is 3 + -422?
-41d
In base 11, what is 18a - 4?
186
In base 3, what is -12 - 111121?
-111210
In base 16, what is -d4 + 14?
-c0
In base 16, what is -22 - 2?
-24
In base 9, what is 3 - -302?
305
In base 9, what is -3 + 67?
64
In base 9, what is 2 + 10304?
10306
In base 5, what is 21 - -3?
24
In base 7, what is -23 - 12?
-35
In base 6, what is 1 + 11234?
11235
In base 9, what is 2201 - -5?
2206
In base 16, what is -3 + a66?
a63
In base 15, what is a + -215?
-20a
In base 10, what is -4 - -67?
63
In base 4, what is 202 + -10?
132
In base 7, what is -456 + 0?
-456
In base 16, what is -1b + 10?
-b
In base 10, what is -2 - 97?
-99
In base 8, what is 2 + 42?
44
In base 16, what is 3f + e?
4d
In base 8, what is 5 - 3?
2
In base 12, what is 5 + 5a?
63
In base 6, what is -32144 - -1?
-32143
In base 12, what is 59 + 89?
126
In base 2, what is -10101001010 + -100?
-10101001110
In base 16, what is 56ee - 3?
56eb
In base 7, what is -2 + -111?
-113
In base 3, what is -221 + 20202?
12211
In base 11, what is -5 - 359?
-363
In base 9, what is 5 - -16?
22
In base 4, what is 12 + 103122?
103200
In base 12, what is -205 - 2?
-207
In base 3, what is 12111112 + 10?
12111122
In base 4, what is 2 + -2133023?
-2133021
In base 4, what is -11 - 111?
-122
In base 2, what is -11101000100 + -10?
-11101000110
In base 11, what is -24 + -128?
-151
In base 6, what is -31354 + -3?
-31401
In base 9, what is -2746 - 3?
-2750
In base 9, what is -1061 - 0?
-1061
In base 16, what is 7bf + -1?
7be
In base 5, what is -101 - -44?
-2
In base 7, what is 2431 - -3?
2434
In base 7, what is 103 + -3?
100
In base 11, what is 968 + -5?
963
In base 14, what is 717 - -5?
71c
In base 10, what is -5 - 711?
-716
In base 8, what is -2 - 645?
-647
In base 3, what is 11 - -1112?
1200
In base 9, what is -44 - -4?
-40
In base 12, what is -3 - 3a77?
-3a7a
In base 11, what is 36 + 11?
47
In base 8, what is 1110 - 6?
1102
In base 12, what is 136 - 3?
133
In base 15, what is -3 - -28?
25
In base 15, what is 119 + -1?
118
In base 4, what is -20333 - 11?
-21010
In base 13, what is 2a - 1?
29
In base 10, what is 121 - 1?
120
In base 16, what is -db + 1d?
-be
In base 11, what is -101 + 5?
-a7
In base 11, what is -12 + 19?
7
In base 8, what is -526 + 5?
-521
In base 5, what is -31 - -2342?
2311
In base 10, what is 37 - -186?
223
In base 15, what is -1d1 + 1?
-1d0
In base 15, what is -17 - 75?
-8c
In base 13, what is 6 + -1a0?
-197
In base 14, what is 0 + -59?
-59
In base 12, what is -a + 12?
4
In base 5, what is -2231 - -1?
-2230
In base 3, what is -10021020 - 1?
-10021021
In base 2, what is 1011101 - 10?
1011011
In base 10, what is -3 + -35?
-38
In base 15, what is -4 - 1b6?
-1ba
In base 8, what is -30 + -22?
-52
In base 5, what is 4 + -10212?
-10203
In base 9, what is -5 + 1507?
1502
In base 5, what is 1214 - 10?
1204
In base 2, what is -11 + -11?
-110
In base 6, what is 514 - 15?
455
In base 7, what is -13 - -10?
-3
In base 6, what is -20 - 2323?
-2343
In base 5, what is 12 + -104?
-42
In base 15, what is 6 - 29?
-23
In base 11, what is 12aa + 0?
12aa
In base 4, what is -11 - 23223?
-23300
In base 3, what is 2 + -1102?
-1100
In base 6, what is 431 - -5?
440
In base 15, what is -2 - 64?
-66
In base 14, what is 966 + -3?
963
In base 11, what is -9 + -21?
-2a
In base 4, what is -22 + 113?
31
In base 16, what is -11 + 0?
-11
In base 8, what is -1 - 60?
-61
In base 11, what is -310 + -9?
-319
In base 9, what is 106 + -34?
62
In base 6, what is -110 - -4?
-102
In base 10, what is 85 + 7?
92
In base 3, what is 10 - -10122?
10202
In base 2, what is 1 - 1001011?
-1001010
In base 15, what is -2 + -58b?
-58d
In base 16, what is 971 + 5?
976
In base 14, what is -3 - -27d5?
27d2
In base 5, what is -12042 + 2?
-12040
In base 11, what is -9 - 980?
-989
In base 11, what is -1885 - -3?
-1882
In base 8, what is 5 - -41?
46
In base 10, what is -2 + -6526?
-6528
In base 6, what is -2 + -240?
-242
In base 11, what is 48 - -1a?
67
In base 16, what is -b4 + 37?
-7d
In base 11, what is -5 - -1a3?
199
In base 11, what is 19aa + -2?
19a8
In base 6, what is 5 + -5235?
-5230
In base 4, what is -121 + 2?
-113
In base 8, what is 345 - -3?
350
In base 10, what is 16 - 46?
-30
In base 9, what is 4 + 64?
68
In base 7, what is 32 + -30?
2
In base 15, what is -4 + 34?
30
In base 3, what is -112002 + 10?
-111222
In base 13, what is -3 + 276?
273
In base 7, what is 4 + -1525?
-1521
In base 2, what is -11 - -11110110?
11110011
In base 9, what is 2 + -4226?
-4224
In base 14, what is -2 + 50?
4c
In base 7, what is 35 + -110?
-42
In base 9, what is 4 + 20?
24
In base 5, what is 2 + 3124?
3131
In base 14, what is -4 - 27c?
-282
In base 13, what is 3 - -6?
9
In base 5, what is 244 + -10?
234
In base 5, what is 311 - 10?
301
In base 8, what is 2 - 11?
-7
In base 8, what is -60 - 367?
-447
In base 8, what is 334 + 0?
334
In base 5, what is -1330 + -10?
-1340
In base 15, what is 9 + -10?
-6
In base 10, what is -2 + 75?
73
In base 3, what is -2011 + 112?
-1122
In base 11, what is 119 - -1?
11a
In base 4, what is 203 - -12?
221
In base 12, what is -3 - 2?
-5
In base 12, what is 2a0 - -1?
2a1
In base 4, what is -2030 + 31?
-1333
In base 10, what is 1134 + 0?
1134
In base 6, what is -2105 + 5?
-2100
In base 15, what is -5 + 4d?
48
In base 14, what is -5 + -12d?
-134
In base 11, what is -8a + 11?
-79
In base 2, what is -11100111000 + -1?
-11100111001
In base 7, what is 205 - -3?
211
In base 10, what is 347 + 2?
349
In base 6, what is 12053 + 1?
12054
In base 3, what is -10 - -211122?
211112
In base 16, what is -8 - -50?
48
In base 10, what is 1201 - 0?
1201
In base 3, what is -1102 - -120?
-212
In base 2, what is 100 - 1111001100?
-1111001000
In base 2, what is -1010010 - -100?
-1001110
In base 4, what is -13 + 2321?
2302
In base 4, what is 30 - -21?
111
In base 6, what is -1132 + 5?
-1123
In base 11, what is 1 + -3811?
-3810
In base 8, what is -544 - -77?
-445
In base 12, what is -2b80 + -1?
-2b81
In base 11, what is 32 + 10?
42
In base 8, what is -7 + -27?
-36
In base 2, what is -1001 + 100?
-101
In base 7, what is 2 - -4?
6
In base 6, what is 3 + -20?
-13
In base 5, what is -221 + -4?
-230
In base 9, what is -3 + 83?
80
In base 13, what is 368 + 1?
369
In base 9, what is 8 - -2415?
2424
In base 8, what is -1260 - 3?
-1263
In base 3, what is 10 - 2101?
-2021
In base 12, what is 65 - -175?
21a
In base 9, what is -136 - 0?
-136
In base 10, what is 323 + -1?
322
In base 3, what is -210 + -12?
-222
In base 3, what is -1211111 + 22?
-1211012
In base 8, what is -25 - -224?
177
In base 10, what is -88 + -4?
-92
In base 13, what is 19722 + 1?
19723
In base 12, what is -2b3 - -3?
-2b0
In base 6, what is -3 - -5440?
5433
In base 16, what is 6ac - 4?
6a8
In base 4, what is 12331 - -1?
12332
In base 14, what is 1258 + -1?
1257
In base 10, what is 0 - -26?
26
In base 3, what is -101200 + -220?
-102120
In base 5, what is 111 + -220?
-104
In base 7, what is 54 + 321?
405
In base 14, what is -1 + 1455?
1454
In base 5, what is -2 + 4003?
4001
In 